 divided by 65?
60
Let r be (2 - -2) + (-6 - -7). Suppose r*u + 25 = -2*v - 0*u, -u = 5. Suppose -5*w + w + 68 = v. Calculate the remainder when 32 is divided by w.
15
Let u(m) = -4*m + 103. Suppose -i - 5 = 0, -6*i + 2*i + 49 = 3*o. What is the remainder when 19 is divided by u(o)?
8
Let h = -12 + -80. Let j = 153 + h. Calculate the remainder when j is divided by (-3 + 2 + -3)*-8.
29
Let x(k) = -k**2 - 9*k - 1. Suppose 479 = 25*s - 3721. Calculate the remainder when s is divided by x(-5).
16
Suppose -4*d - t + 15 = 0, -t = 5 - 0. Suppose 2*p + 2*a = 70, -66 = -d*p + 3*a + 77. What is the remainder when 92 is divided by p?
30
Let p(z) = 35*z + 170. Let y be p(15). Let r = -664 + y. What is the remainder when r is divided by 11?
9
Let g = -15 + 24. What is the remainder when g is divided by 8?
1
Calculate the remainder when ((-9016)/(-16) + 6)*30/((-6)/(-2)) is divided by 22.
19
Let k = 218 - 155. Suppose -3*v + 7*v - 94 = -2*q, 0 = -3*v - 4*q + k. Let m = -9368 - -9457. What is the remainder when m is divided by v?
14
Let n(g) = -438*g + 8016. What is the remainder when 467 is divided by n(18)?
71
Let i(m) = -m**2 + 20*m + 49. Let q be i(22). Suppose -2*g + 5*o = -3*g + q, -g - 3*o + 9 = 0. Calculate the remainder when 68 is divided by g.
8
Let f be ((-27)/(-6))/((-9)/(-264)). Let a be (-3)/9 + f/18. Suppose -3*t + 5 + a = 4*l, -4*t = 2*l + 4. What is the remainder when 16 is divided by l?
4
Suppose 21 - 255 = -2*x. What is the remainder when x is divided by (-81 - -78)*16/(-2)?
21
Let c(y) = y**3 + 22*y**2 - 13*y - 120. Let n be c(-22). Suppose -n = -3*u + 11. Let o = 101 - 70. Calculate the remainder when u is divided by o.
28
Let i = -6087 + 6178. What is the remainder when 608 is divided by i?
62
Let r(m) = 10*m**2 - 10*m + 12. Let c be r(3). Let z = c + -16. Suppose -54*y - z = -56*y. Calculate the remainder when 54 is divided by y.
26
Let i(c) = 4*c**2 + 34*c + 21. Suppose g - 6 = -3*x, -6*x = -5*x - 5. What is the remainder when i(g) is divided by 16?
7
Let b(s) = -12*s + 9. Suppose 75*o + 1170 = 153*o. Calculate the remainder when b(-4) is divided by o.
12
What is the remainder when (-16)/64*-36 - (-1 - 315) is divided by 21?
10
Suppose 5*p = 5*b + 522 + 48, -b + 240 = 2*p. What is the remainder when 2004 is divided by p?
116
Suppose -2700 = 73*z - 91*z. What is the remainder when 1217 is divided by z?
17
Let f = 555 + -536. Suppose 107 = 4*w - 169. Suppose -w + 45 = -2*l. Calculate the remainder when f is divided by l.
7
Let q = 5409 + -3292. What is the remainder when q is divided by 40?
37
Suppose 152 = -26*n + 28*n + 17*n. What is the remainder when 1693 is divided by n?
5
Calculate the remainder when 3327 is divided by 260/(-100)*6*(-10)/3.
51
Let i(z) be the second derivative of z**4/6 - 3*z**3 + 7*z**2/2 - 61*z + 1. What is the remainder when 3/(-2)*214/(-3) is divided by i(10)?
26
What is the remainder when (-7)/(13902/819 - 17) is divided by 118?
37
Let x(d) = -d**3 - 6*d**2 - 5*d - 6. Suppose -81 = 3*g + p - 7*p - 501, 0 = -2*p. Calculate the remainder when g is divided by x(-6).
20
Suppose -v = -5*h + 9*h - 3360, 3*v = -4*h + 3360. Calculate the remainder when h is divided by 142.
130
Let x = -9 + 59. Suppose 3*y + 58 = 91. Calculate the remainder when x is divided by (-68)/(-2)*(y - 10)/2.
16
Let g = -3357 - -3962. Calculate the remainder when g is divided by 30.
5
Let i(j) = -13 + 12 - j + 2*j. Let w = -1711 - -1730. Calculate the remainder when w is divided by i(8).
5
Suppose 4626 + 18195 = 19*r - 21107. What is the remainder when r is divided by 2302?
10
Let j = -6050 - -6069. Calculate the remainder when 190 is divided by j.
0
Calculate the remainder when 222 is divided by ((-8 + 13)/(-10))/((-5)/230).
15
Suppose g = -4*q - 645, 74*q - 77*q = -5*g + 478. Let a = q - -548. What is the remainder when a is divided by 5?
2
Let c = 1549 + -1272. What is the remainder when c is divided by 135?
7
Let b(i) = 2*i**2 - 10*i + 32. Let q = -63 - -206. What is the remainder when q is divided by b(4)?
23
Let h = -18075 + 18526. Calculate the remainder when h is divided by 134.
49
Let v(u) = -u**3 - 132*u**2 + 127*u - 796. What is the remainder when 3 is divided by v(-133)?
1
Let x(s) = -s**3 + 21*s**2 + 26*s - 69. Let r = 121 - 99. What is the remainder when 71 is divided by x(r)?
14
Calculate the remainder when (5/(-4))/(47/(-152468)) is divided by 123.
119
Let d = 17 + 51. Let w = d - 35. Calculate the remainder when 86 is divided by w.
20
Let g = 25430 - 24004. Calculate the remainder when g is divided by 6.
4
Suppose 0 = -95*f + 11*f + 1932. What is the remainder when 89 is divided by f?
20
Let x(d) = 4*d**2 - 1379*d - 2747. What is the remainder when ((-1340)/(-30))/(1/3) is divided by x(-2)?
26
Suppose -2*a - 5*o + 2209 = 0, 32*o + 3303 = 3*a + 36*o. Calculate the remainder when a is divided by 44.
41
Suppose -2*i + 4*n = -56, 1267*i - 1263*i = 5*n + 127. Calculate the remainder when i is divided by (-165)/6*(-4)/5.
16
Let u = -16717 - -16822. Calculate the remainder when 503 is divided by u.
83
Suppose -5*x + 89 = 2*z, -41 = -4*z + x + 82. Suppose -c = c - 2. What is the remainder when z is divided by (0 - -51)*(c + -2)/(-3)?
15
Let a = -4099 + 4236. What is the remainder when a is divided by 68?
1
Suppose -142*w - 1600 = -192*w. Let p = 329 + 211. What is the remainder when p is divided by w?
28
Suppose -4*q + 182 = -j, 2*j + 175 = j - 3*q. Let u = j - -202. Calculate the remainder when 44 is divided by u.
20
Let c(j) = -29*j - 648. What is the remainder when 1022 is divided by c(-23)?
15
Let u = -5445 + 6531. Calculate the remainder when u is divided by 9.
6
Let q = -323 + 337. What is the remainder when 250 is divided by q?
12
Let x(a) = -5*a + 124. Let o(u) be the second derivative of -u**3/6 + 12*u**2 + 4*u. What is the remainder when x(16) is divided by o(12)?
8
Suppose -5*u + 296 = -104. Suppose 0 = -11*h + 8*h + 5*j + 85, 4*h - 44 = -2*j. Calculate the remainder when u is divided by h.
5
Suppose -3 = -z + 2. Suppose z*i - 108 = 4*o + 66, -3*i + 40 = -o. Let m = o - -56. Calculate the remainder when 36 is divided by m.
6
Let u be (1/(15/220))/(4/66). Suppose 7*q = 5*q + u. What is the remainder when q is divided by 25?
21
Suppose 14997 - 22385 = -47*b + 15172. What is the remainder when b is divided by 22?
18
Let n = 5799 - 3316. What is the remainder when n is divided by 35?
33
Suppose 50*d - 5 - 29 = 48*d. Calculate the remainder when 2651 is divided by d.
16
Suppose 4*p - 55 = 1. Suppose 10*q - 28 + 8 = 0. Suppose 0 = t + 2*t, q*u + 2*t = 50. What is the remainder when u is divided by p?
11
Calculate the remainder when 18355 is divided by 42*361/114 + (-2)/(-2).
131
What is the remainder when 182 is divided by -5 - (5404/(-140) + (-1 - 9/(-15)))?
12
Let u = 6731 + -6548. Calculate the remainder when 2010 is divided by u.
180
Suppose -3*q - 18 = -3*c - 0*c, -2*q - c = 6. Calculate the remainder when (-39)/(-4)*(-1 - -5) is divided by 16*(2/q - -1).
7
Let f(m) = -19*m - 20. Let w(u) = 8*u**2 - 57*u + 30. Calculate the remainder when f(-15) is divided by w(8).
7
Let y be 63/(-12) - 3/(-12). Let x be (-1)/(5/3)*y. What is the remainder when 67 is divided by 1/(350/115 - x)?
21
Suppose d - 11 = -4*o, -4*o - 12 = -2*d - 2*o. Let l = 2 + -18. Calculate the remainder when (1/(-4) - 244/l) + 3 is divided by d.
4
Let w = 9693 + -9644. Calculate the remainder when 491 is divided by w.
1
Let h(q) = 11*q**2 + 20*q + 35. Calculate the remainder when h(13) is divided by 714.
12
Suppose -19203 = -101*a + 80*a + 37182. What is the remainder when a is divided by 112?
109
Suppose 2*w - 879 = 199. What is the remainder when w is divided by 20?
19
Suppose -220005 - 207463 = -161*b + 127177. What is the remainder when b is divided by 217?
190
Suppose -f - 5*q - 444 = 0, 428 = -2*f - q - 496. Let n = f - -498. What is the remainder when 164 is divided by n?
28
Let w(q) = q**2 + 164*q - 4110. Calculate the remainder when w(24) is divided by 159.
84
Suppose 3*r + 2 = 50. Suppose -18*w = -r*w - 150. What is the remainder when 749 is divided by w?
74
Let l(z) = -z**2 - 42*z + 997. What is the remainder when 1103 is divided by l(-58)?
68
Let o(c) = -463*c + 279. Calculate the remainder when o(-6) is divided by 90.
87
Suppose 85*t - 30 = 86